- 17*c**2 + 19*c + 15. Let i be (6 - 3)*(0 + -3 - -2). Let l(z) = i*q(z) + 4*b(z). Calculate l(-18).
0
Let g(h) be the first derivative of 14*h - 29 + 9*h**2 + 1/3*h**3. Determine g(-17).
-3
Let p = -40051 + 40050. Let u(b) be the first derivative of -4*b**2 - 1. Calculate u(p).
8
Let o = 41 - 31. Suppose o + 0 = 5*g. Let i(a) be the third derivative of a**4/6 + a**3/3 + a**2. What is i(g)?
10
Suppose 4*r - 271 = 509. Let l = r + -195. Let y(c) = c - 22. Give y(l).
-22
Suppose a = -4*a + 510. Let n = a - 70. Let z be (7/2)/(16/n). Let g(y) = -y**2 + 9*y - 6. Calculate g(z).
8
Let h(m) = 21*m**2 + m + 1. Suppose 15*z = 120 + 90. Suppose -z + 15 = -r. Give h(r).
21
Let j(u) = -59*u**2 + 9*u - 4. Let x(f) = 11*f**2 - f + 1. Let n(t) = -j(t) - 6*x(t). What is n(-1)?
-6
Let c(j) = -10*j**3 + 7*j**2 + j + 16. Let n(s) = -s**3 + 3*s**2 + s + 7. Let o(f) = -c(f) + 3*n(f). What is o(2)?
73
Let j(d) = 9*d**2 - d - 1. Let c be j(1). Suppose -c*g = -12*g - 10. Let b(y) = -y**2 - 5*y - 5. Determine b(g).
1
Let h(z) = -z**3 - 17*z**2 - 14*z + 48. Let o(g) = -540*g + 9704. Let v be o(18). Determine h(v).
16
Let n(x) = x**2 + 5*x - 2. Let k = -6 - 21. Let l = 60 + k. Let y be 16/6*l/(-22). Give n(y).
-6
Suppose 2*m + 3*i - 605 = 0, 4*m - 640 = -i + 595. Let x = -307 + m. Let d(a) = 5*a - 2. Give d(x).
13
Let j(y) = -56*y + 784. Let o be j(14). Let t(h) = -5*h + 4*h - h + o*h + 7 - 4. Suppose 5 = p - s, 3*p + 2*s = -0*p. Calculate t(p).
-1
Let l(m) be the first derivative of m**4/4 - 5*m**3/3 + 7*m - 1348. Determine l(3).
-11
Suppose 0 = -6*d + 4*d + 6. Suppose d*k = 5*k + 6. Let p(u) = u**2 + u + 2. Let i(t) = -t**2 + t - 2. Let a(z) = i(z) + 2*p(z). Determine a(k).
2
Let v be 1*(-162)/(-30) - (-4)/(-10). Let s(i) be the first derivative of -2*i**3 + 1/4*i**4 - 20 + 5/2*i**2 + 5*i. What is s(v)?
5
Suppose 0 = 3*w - 53*w + 10150. Let y = w + -213. Let a(u) = u**3 + 10*u**2 - 13. Calculate a(y).
-13
Let o(p) = -6*p - 7. Let n(z) = -17*z - 21. Let f(j) = -4*n(j) + 11*o(j). Let s = -10 + 13. Suppose 3*v + 19 = -4*h, s*v - 3*h = h - 11. Calculate f(v).
-3
Let f(z) = -2*z + 23. Let p be f(9). Suppose 0 = 2*r - 7 - p. Let i(k) = -k**2 + 8*k + 6. Determine i(r).
18
Let z(b) = -b**3 + 6*b**2 + 2*b - 2. Suppose 0 = -42*s + 35*s + 196. Let n = -28 + s. Suppose m = j - 2*j + 8, -2*j - 4*m + 20 = n. What is z(j)?
10
Let s(a) = -4*a**2 + 41*a + 19. Let o(x) = -6*x**2 + 59*x + 28. Let g(w) = 5*o(w) - 7*s(w). Determine g(5).
-3
Let u(w) = -7*w**2 + 179*w + 360. Let d(z) = 13*z**2 - 351*z - 720. Let v(o) = -8*d(o) - 15*u(o). Give v(-3).
0
Let q be 1848/2310 + 21/5 + 1. Let m(y) be the second derivative of -y**3/6 - 3*y**2 + y. Determine m(q).
-12
Let x(f) = f**2 - 7*f + 10. Let b = -24 - -29. Suppose 0 = -3*z - 5*s - 94, 5*z - b*s - 49 + 139 = 0. Let a = z - -30. Determine x(a).
10
Suppose 4*g - 3*d - 24 = 16, 0 = 5*g + 5*d - 15. Let x(a) = g*a + a**3 + 5 + 12*a**2 - 5*a**2 - 4*a**2 + 2*a**2. Let r be (28 - 40)*((-4)/6 + 1). What is x(r)?
-7
Let w(o) be the third derivative of 1/24*o**4 + 42*o**2 + 2/3*o**3 + 0*o + 0. What is w(2)?
6
Let y(a) = 20*a - 2. Suppose 14 = 36*n - 166. What is y(n)?
98
Let y(o) be the first derivative of -5*o**2/2 - 38*o + 21. Let u be y(-8). Let j(h) = h + 2*h - u*h + h - 14*h**2 + 1. Determine j(-1).
-15
Let t(o) = 6*o + 2. Let m be 36 + (-833)/(-153) + (-4)/9. Let l be (m/(-164))/((-1)/(-4)). Determine t(l).
-4
Suppose -4*a - 5*c + 9 = 0, c + 1 = -a + 3. Let p = a + 5. Let y(t) = t**2 + 14*t - 108. Let r(x) = 2*x**2 + 9*x - 104. Let z(k) = -r(k) + y(k). Determine z(p).
-10
Let d(f) = 6*f - 47. Let g be ((-38)/14 - -3)/(2/42). Determine d(g).
-11
Let u(a) = 3*a**3 - 64*a**2 - 4*a - 61. Let p(o) = -o**3 + 31*o**2 - 4*o + 30. Let q(j) = 5*p(j) + 2*u(j). Calculate q(-28).
28
Let t(k) = 22*k - 122. Let n be t(6). Let j(g) = g**3 - 9*g**2 - 7*g - 24. Let s be j(n). Let d(y) = -3*y + 3*y - 3*y - 2*y + 5. Calculate d(s).
-25
Suppose -r - 11 = -16. Let i(g) be the third derivative of g**6/120 - g**5/15 - 5*g**4/24 - g**3/2 - 84*g**2. Give i(r).
-3
Suppose -6 = 2*n - 2. Let v(m) be the first derivative of m**4/2 + m**3 + 3*m**2/2 + m - 1459. Determine v(n).
-9
Let w(c) = -c - c**2 - 12*c**3 + c**2. Let x(r) = -480*r**2 - 13437*r + 85. Let l be x(-28). Determine w(l).
-13
Let d(z) = -8*z - 2. Suppose 15 = -8*k + 5*k. Let g = 16 + k. Suppose -g = 5*u - 1. Determine d(u).
14
Suppose -31*p + 32*p - 4 = 0. Suppose p*t + 1 = -15. Let b(f) = f**2 + 5*f + 1. What is b(t)?
-3
Suppose -7*z - 127 = p, -4*z = -2*p - 4 + 92. Let o(s) = 2*s**2 + 36*s - 32. Determine o(z).
6
Let w(n) = 7*n - 38. Let f be (3/9)/((-2)/(-42)). What is w(f)?
11
Let r(s) = -s**3 + s**2 - 3*s + 2. Let y be 0 + (26 - -4)/(-5). Let q(x) = -x**3 - 9*x**2 - 21*x - 16. Let a be q(y). Calculate r(a).
-8
Suppose -14 = -4*n - 3*n. Let y(i) be the second derivative of -i**7/2520 + i**5/60 + 3*i**4/4 + 3*i. Let l(q) be the third derivative of y(q). Calculate l(n).
-2
Suppose -8*v = -8 - 32. Let i(t) = t**3 - 8*t**2 + 9*t - 8. Give i(v).
-38
Let x(g) = g**3 - 6*g + 40. Let r(b) = -223 + 263 - 3*b - 2*b + b**3. Let o(y) = 5*r(y) - 4*x(y). Calculate o(0).
40
Let o(a) = -6*a + a + 2*a + 3. Let t(k) = k**2 - 4*k + 4. Let p = 20 + -16. Let f be t(p). Determine o(f).
-9
Suppose -17*g + 49*g = -64. Let c(u) = -2*u**3 - 2*u**2 - 6*u - 16. What is c(g)?
4
Let m(b) = 11*b**2 + 1663 - 4*b + 1679 + 3*b**2 - 3340. Suppose -3 - 3 = -3*z. Give m(z).
50
Suppose -i - 56 = -8*i. Let l be (i/(-52) - 178/26) + 2. Let x(q) = q + 0*q - 2*q - 4. Give x(l).
1
Suppose 4*l + 3*m - 70 = -61, 3*l = 4*m + 38. Let g(p) = -2*p**2 + 13*p - 18. What is g(l)?
-12
Let x(a) be the second derivative of 2*a - 2/3*a**4 - 10 - 5/6*a**3 - 1/20*a**5 + 3/2*a**2. Give x(-7).
-11
Let w(l) = 3*l + 2. Let g be w(-2). Let i = 79 + -76. Let k(r) = -1 - i - 2 - r + 0*r. Give k(g).
-2
Let f(s) be the third derivative of s**6/120 - s**5/12 - s**4/12 + s**3/3 - 17*s**2 - 4*s. Let z = 122 - 117. Give f(z).
-8
Let r = 47 - 17. Let i be (1652/177)/(2/6). Let t = i - r. Let q(a) = -a**3 - a**2 - 2. Give q(t).
2
Suppose -47*p + 49 = -66 - 402. Let r(y) = -y**2 + 6*y + 2. What is r(p)?
-53
Let i(m) = m - 12. Let n be i(6). Let w(j) = -j**3 - 3*j**2 + 10*j + 15. Let r be w(n). Let x = r - 63. Let o(b) = b**3 - b**2 + 11. Determine o(x).
11
Let r(v) be the third derivative of v**6/360 - v**5/12 + v**4/4 + 64*v**3/3 + 3*v**2 - 3*v. Let d(n) be the first derivative of r(n). What is d(7)?
-15
Let k(y) = -y**3 + 14*y**2 + 15*y + 1. Let f be k(15). Let p(j) = f + 11*j - 5*j - 9*j. Let r be 6/18 + (-8)/6. Calculate p(r).
4
Let x(y) be the third derivative of -y**4/6 + 22*y**3/3 - 160*y**2. Give x(3).
32
Let v(r) = -r**3 - 6*r**2 - 2*r - 3. Let q(l) = l**2 + 28*l - 21. Let k be q(-22). Let x = k - -147. Give v(x).
9
Suppose 2 = 31*l - 29*l. Let m(j) = l - 4 + 13*j - 6*j + 2. What is m(2)?
13
Let v(p) = -2*p + 3. Let s be v(-3). Let d(a) be the first derivative of a**2/2 + 4*a - 498. Calculate d(s).
13
Let t(w) be the third derivative of -w**5/60 + 3*w**4/8 + 11*w**3/6 - 42*w**2. Let p be (-10 - (-13 + 8 - 0)) + 13. Calculate t(p).
19
Let h(r) = -2*r + 8. Let g(y) = 3*y**2 - 3*y - 15. Let k be g(3). Suppose 3*f - b - 12 = -0*f, -b = -k. Give h(f).
-2
Let l(r) = -23*r - 165. Suppose 494*g + 5*s = 490*g - 23, -g + 3*s - 10 = 0. What is l(g)?
-4
Let w(f) = -f**2 - 7*f - 9. Suppose -3*l = 3*x + x + 398, -537 = 4*l - x. Let g = -141 - l. Give w(g).
-9
Let n(z) = -24*z - 20. Let p be 3/((-108)/(-216)*(0 - -1)). Determine n(p).
-164
Suppose 2*r - g = 19 + 1, -4*r = -4*g - 52. Let v(d) = d**3 - 7*d**2 - 9*d + 20. Calculate v(r).
-43
Let x(o) be the first derivative of -10*o**2 - o - 1300. Give x(-1).
19
Let y(q) = -20 - 26 + 73 + 9*q + 15 - q. Calculate y(-9).
-30
Let k(j) = 975 - 3*j**2 + 953 - 2878 - 5*j + 958. Determine k(-5).
-42
Let t(g) = -1231 + 1219 + 43*g - 20*g. What is t(-5)?
-127
Let s(p) = 8*p**2 + 13*p + 7. Let q(z) = -12*z**2 - 30*z - 15. Let h(j) = -3*q(j) - 5*s(j). Give h(7).
-11
Suppose w - 3*w = -4. Suppose -43*g + 34*g = -27. Let y(u) = 4*u**3 - 13*u**2 - 3*u**g + 2*u + 16*u**w + 0*u. What is y(-3)?
-6
Let m(c) = 2*c + 33. Let u(d) = -10*d - 146. Let y(q) = -9*m(q) - 2*u(q). What is y(9)?
13
Suppose r - 4*r = 30. Let u(b) be the second derivative of 83*b 